(2).
10
Suppose 17*w - 5*w + 37*w = 539. Let o(r) = -11*r + 57. What is o(w)?
-64
Let z(x) = -16*x + 120. Suppose -16*t + 5 = p - 15*t, -5*t = 2*p - 1. What is z(p)?
-8
Let i(x) = x**3 - 4*x + 5. Let h = -601 + 605. Suppose -h*r + 18*r = 28. Determine i(r).
5
Suppose 0 = -0*n - 2*n - 4*g + 22, -4*n + 28 = 4*g. Let x(c) = 25*c + 2*c**3 + 2 - 28*c - 4*c**n. What is x(2)?
-20
Let i(j) = 3*j**3 + j + 1. Let g(y) = -11*y**3 - 2*y**2 - 1. Let d(p) = g(p) + 3*i(p). What is d(-3)?
29
Let f(m) = 1 - m**2 + 7 + 5*m - 5. Let a = 74 - 69. Determine f(a).
3
Let n(k) = -k**3 + k - 6. Let r(h) = h**3 - 19*h**2 + 2. Suppose 0 = -3*p + 5*w + 19 + 28, 5*w + 9 = p. Let d be r(p). Suppose 2*c + 2*c = -d*c. Determine n(c).
-6
Let w(q) = -11*q - 174. Let v be w(-16). Let o(p) = -6 - 20*p**v + 19*p**2 + 6. Give o(1).
-1
Suppose 0 = -3*f - 5*c - 9, 10*c = 8*c. Let n(j) = -j**3 - j**2 - 4*j - 1. Calculate n(f).
29
Let k(v) = 3*v + 1. Let o be k(-1). Let z be -3*(o + (21 - 0)). Let f = -55 - z. Let x(b) = -4*b + 3. What is x(f)?
-5
Let n(x) = -x**2 - x - 8. Let a(g) = -g**2 - 8. Let z(v) = 5*a(v) - 6*n(v). Suppose -12 = 3*c + 2*k, -32 = -4*k - 8. What is z(c)?
24
Let o(b) be the third derivative of b**6/120 - b**5/12 - b**4/12 - b**3 - 14*b**2. Let f be (-1 - -6)/(80/96). Calculate o(f).
18
Suppose 6*j + 8*j - 84 = 0. Suppose -5*s - j = -z, -5*z - 9*s + 13*s = 12. Let y(g) = g - 7. What is y(z)?
-11
Let s be (-93)/(-7) - (-10)/(-35). Suppose 14*z + s = -1. Let j(c) = -c - 3. Give j(z).
-2
Suppose -s - 2*b = -4*b + 7, 5*s - 4*b + 11 = 0. Let u(h) = -2 + 1 - 23*h + 11*h. Determine u(s).
-13
Let f(g) = g + 16. Let a be f(-12). Let c = -6 - -26. Let r be 24/c + a/5. Let b(j) = j**2 + j. Determine b(r).
6
Let o(g) = 0*g**2 - 2*g**2 - 2021 + 34*g + 83*g - 1967 + 3818. Give o(57).
1
Let w(q) = -q**2 - 11*q - 10. Let x(b) = 5*b + 20. Let z be x(-3). Let a be (15/z)/1 + 4. Suppose 35 = -5*h + f, 3*f - a = -h + 6*f. Calculate w(h).
14
Suppose 0 = -20*d - 467 + 28 - 21. Let f(k) = -7*k - 137. Give f(d).
24
Let a(m) be the third derivative of m**6/120 - m**5/12 + m**3/3 - 3212*m**2. Suppose -2*l + 13 = -2*j - 5, 0 = 4*l - 3*j - 32. What is a(l)?
2
Let q(k) = -3*k - 3*k + k**3 - 4*k**2 + 552 - k**2 - k - 545. Suppose 0 = 2*c + 4*w, 1 = 3*c + 3*w - 8. Determine q(c).
1
Let b(x) = -1773 + 3589 + 3*x - 1772. Calculate b(-24).
-28
Let h be -10 + (0 - 0 - 0). Let n(y) = 3*y**3 - 3*y - 7 - 35*y**2 - 33*y**2 - y**3 + 89*y**2 - 3*y**3 - 31*y**2. Calculate n(h).
23
Let h = 149 - 145. Let q(y) = -8*y - 19 - 24 + 42 + h*y**2 - 3*y**2. Give q(9).
8
Let p be 180/75*(-40)/12. Let c(n) = 5*n + 47. What is c(p)?
7
Let v(d) = -2*d + 2. Suppose -b - 60*p = -64*p + 7, -4*p = -3*b - 21. What is v(b)?
16
Let z be ((-10)/(-4) - 1)*(0 - -2). Let g(t) = 7 + z*t**2 + 5*t + 3 - 8 - t. Give g(-2).
6
Let g be 4/22 + ((-291)/(-33) - 4). Let p(l) = -2*l**2 - 29 + 34 - l + 3*l**2 - g*l. Let k be 2*(-10)/28*(-6 - 1). Calculate p(k).
0
Suppose r = 6*r + 20. Let l(o) = -7*o**2 + o + 18. Let i(v) be the second derivative of v**4/4 - 4*v**2 - 78*v. Let p(z) = -5*i(z) - 2*l(z). Calculate p(r).
-4
Let m be 3 + 4 - (-7)/(42/12). Let c(s) = 37*s**3 - 6*s - 12*s**3 - 9*s**3 + 7 - 7*s**2 - m*s**3 - 8*s**3. Let v = -7 - -1. Determine c(v).
7
Let g = 103 - 100. Let x be ((-4)/g)/(-1*(-6)/27). Let u(k) = -3*k - 1. Calculate u(x).
17
Let g(u) = -2*u - 66. Suppose 7*z - 444 = -689. Give g(z).
4
Let g(o) = 2. Let z(w) = 3*w + 9. Let m(l) = -9*g(l) + 3*z(l). Let t(v) = -15*v - 18. Let u(f) = -9*m(f) - 5*t(f). What is u(4)?
-15
Suppose 3*d + 6*d = 36. Suppose d*v = 3*v + 3. Let a(x) = 235 - 234 + v*x**2 + 0*x**2. Calculate a(-1).
4
Let j(g) = -g**3 - 7*g**2 - 8*g - 7. Suppose 66 = -39*w + 45*w. Suppose 14*b - w*b = 3*q - 6, b - 2*q = 2. Give j(b).
5
Let s(p) = -355*p - 2*p**2 + 170*p + 175*p - 6. What is s(-7)?
-34
Let s(p) = -p**2 + 8*p - 8. Suppose 0 = -2*o + 14, -28*f + 26*f - 3*o = -47. Give s(f).
-73
Let a(g) = -6*g + 554 - 608 + 5*g + 2*g - 5*g. What is a(-12)?
-6
Let y be 6*((-6)/2 + 4). Let u(n) be the third derivative of -1/24*n**4 + 5*n**2 + 0 + 4/3*n**3 + 0*n. What is u(y)?
2
Let u(s) = -s**3 - 5*s**2 + 4*s - 5. Let v be ((-6)/(-10) - -3) + 6/15. Suppose 4*w + 0*x + 2*x = -16, -v*x = -3*w - 23. Determine u(w).
-25
Let z(w) be the second derivative of -w**5/120 + w**4/24 + 23*w**3/6 + 3*w**2/2 - 71*w. Let o(m) be the second derivative of z(m). What is o(5)?
-4
Let c be (-1340)/96 + 14/1. Let r(f) be the third derivative of -17*f**2 + 0 + 17/6*f**3 + 0*f - c*f**4. What is r(7)?
10
Let o(d) = -7*d + 0*d**2 + 10 + 6*d**2 + d**3 - 2*d**2 + 0*d**3 - 21. Determine o(-2).
11
Suppose -2*d - 5 = 5*k, -5*d + 3*k - 26 = 2*k. Suppose -2*v - 4 = v + 2*n, -4*n = -v + 22. Let r(t) = t**3 + 6*t**v - 34*t - 39*t - 7 + 76*t. Determine r(d).
3
Let i(r) = 5*r + 20. Let u(g) = -5*g - 41. Let d(k) = -5*i(k) - 3*u(k). Calculate d(3).
-7
Suppose 5*k + 0*g - 2*g - 15 = 0, 3*k - 4*g = 23. Let n(j) be the third derivative of -1/40*j**6 - 1/30*j**5 + 11*j**2 + 1/6*j**3 + 0 + 0*j + 0*j**4. Give n(k).
-4
Suppose -2*j = -20 - 30. Let q = j + -20. Suppose -3*d + 10 = -q*f, -2*f = 3*d + 15 + 10. Let t(a) = a**2 + 6*a + 7. What is t(d)?
2
Suppose 3*d = 15, -5*d + 1 = -3*o - 12. Suppose -4*r = o*h - 20, 4*h - 4*r + 10 - 62 = 0. Let v(n) = n**3 - 8*n**2 + 56*n + 29 - 38 - 34*n - 31*n. Give v(h).
-9
Let n(k) = 7*k**2 - 26*k - 5. Let h = 26318 - 26314. Give n(h).
3
Let p(b) = 12*b**2 - 20*b**2 + 2*b + 7*b**2 + 6. Let i be p(3). Let s(v) = -2 + i + 7 + v. What is s(0)?
8
Let t(l) = -2*l. Let p(m) = -5*m + 1. Let y(h) = 10*h - 421. Let i be y(43). Let s(b) = i*t(b) - 2*p(b). Calculate s(-1).
6
Let h(p) = 11*p - 1. Suppose 7*u - 8*u = -76. Let c = 77 - u. Give h(c).
10
Let w(p) = p**3 + 3*p**2 - 3*p + 3. Let a be 3*-1*(1 - -2)/3. Let f(v) = -v**2 + v - 1. Let l(t) = a*f(t) - w(t). Calculate l(-1).
1
Suppose 0*v - v = -4, -2*j = 5*v - 2. Let p be (5/(-3) - -2)*(j + 6). Let h(t) = t - 2. Give h(p).
-3
Let n(s) = -s**2 - s - 17. Let y be n(0). Let m = y - -20. Let g(l) = -12*l**3 + 11 + 0*l**2 - 6*l**2 + 11*l**m - l**2 + 8*l. Give g(-8).
11
Let d = 104 - 64. Let c = d + 20. Suppose -8*q = 12 - c. Let g(l) = l - 8. Determine g(q).
-2
Let p(z) = -z**2 - 13*z - 213. Let g(j) = -2*j**2 - 25*j - 498. Let i(s) = -3*g(s) + 7*p(s). What is i(-15)?
18
Let x(g) = g**3 + 8*g**2 + 8*g + 5. Suppose -2*y + 0*y = 4, 0 = -u + 2*y + 8. Suppose 2*p - 36 = 6*p + u*d, 0 = 3*d + 6. Determine x(p).
-2
Suppose -f + 3*i = -14, -4*f = 2*i + i - 11. Suppose -6*l + 5*l + 3 = 0. Let u(y) = -4*y**3 + 11 - 12*y**2 - 2*y**3 + f*y**l - 6 - 11*y. What is u(-11)?
5
Let j be ((-7)/21)/(-2*(-2)/24). Let o be j*(-345)/(-70) + (-3)/21. Let q(y) = -y**2 - 10*y - 6. Determine q(o).
-6
Let p(u) = -u**2 - u + 2. Let l(n) = -10*n**2 + 4 - 2*n - 6*n**2 - 6 + 17*n**2. Let z = -25 + 23. Let j(m) = z*p(m) - l(m). What is j(-6)?
10
Let f = 2681 - 2681. Let a(d) = -d**3 + 2*d**2 + 2*d - 27. Determine a(f).
-27
Let l(s) be the first derivative of s**3/3 - 5*s**2/2 - 7*s + 1007. Give l(6).
-1
Let t(f) be the second derivative of 7*f**4/6 + f**3/3 + f**2 - 12*f - 66. Determine t(-1).
14
Suppose 0 = -44*q - 27*q + 71. Let i(m) = 27*m**2 + m. Give i(q).
28
Let q(w) = -4 - 1393*w**2 + w**3 + 1387*w**2 - 8*w - 2. Suppose 12*g - 9*g = 21. Give q(g).
-13
Let c(m) be the third derivative of -m**6/120 + 11*m**5/30 - 7*m**4/8 + 5*m**3 + 2514*m**2. Determine c(21).
30
Let l(v) = 11*v - 44. Let y be l(4). Suppose y = 13*c - 704 + 145. Suppose c = -10*x - 27. Let z(j) = j**2 + 9*j + 8. Calculate z(x).
-6
Let p(o) = -o + 2. Let v(x) = -11*x + x**2 + 5 - 19 - 53 + 7 - 9. Let g be v(-5). Calculate p(g).
-9
Let l(g) be the first derivative of -41*g**2 - 174*g - 4462. Calculate l(-2).
-10
Let d(p) = -6*p**3 + 9*p**2 + 6*p + 1. Let g(t) = t**3 - t**2 - t. Let q(s) = d(s) + 5*g(s). Suppose -3*z + 13 + 2 = 0. Calculate q(z).
-19
Let i(f) be the third derivative of -f**5/60 - f**4/3 + 59*f**3/6 + 2*f**2 - 46*f. Let w(o) be the first derivative of i(o). Determine w(-7).
6
Let t(v) = -13*v - 9. Suppose 0 = 3*h + 2*h + 55. Let k(w) = -3 + 8*w - 15*w - 2. Let x(p) = h*k(p) + 6*t(p). Give x(-2).
3
Let h(a) = -5*a + 0*a + 2*a**2 - 4*a**2 + a**2 + 5. Let w be (-744)/96 - 6/(-8). Calculate h(w).
-9
Suppose -73*o + 86*o = 39. Let a(q) = 2 